{"id":11,"date":"2018-11-23T15:17:01","date_gmt":"2018-11-23T17:17:01","guid":{"rendered":"http:\/\/localhost\/colegiado\/?page_id=11"},"modified":"2022-07-05T10:25:24","modified_gmt":"2022-07-05T13:25:24","slug":"sobre","status":"publish","type":"page","link":"https:\/\/colgrad.direito.ufmg.br\/?page_id=11","title":{"rendered":"O Colegiado"},"content":{"rendered":"<p>\u00c9 o \u00f3rg\u00e3o da Faculdade respons\u00e1vel pela edi\u00e7\u00e3o das normas que disciplinam quest\u00f5es did\u00e1ticas relativas ao curso. Re\u00fane, regularmente, seu Coordenador e Sub-Coordenador, al\u00e9m de representantes dos quatro Departamentos e tr\u00eas representantes discentes nomeados pelo CAAP.<\/p>\n<p>Entre suas in\u00fameras fun\u00e7\u00f5es, destacam-se: coordenar e orientar as atividades do curso; elaborar pr\u00e9-requisitos, cr\u00e9ditos e disciplinas para o curr\u00edculo do curso; avaliar representa\u00e7\u00f5es e recursos sobre mat\u00e9ria did\u00e1tica; representar ao \u00f3rg\u00e3o competente no caso de infra\u00e7\u00e3o disciplinar; e deliberar sobre quest\u00f5es relativas \u00e0 matr\u00edcula, reop\u00e7\u00e3o, aproveitamento de disciplinas, transfer\u00eancia e obten\u00e7\u00e3o de novo t\u00edtulo.<\/p>\n<p>Atendimento Presencial.<\/p>\n","protected":false},"excerpt":{"rendered":"<p>\u00c9 o \u00f3rg\u00e3o da Faculdade respons\u00e1vel pela edi\u00e7\u00e3o das normas que disciplinam quest\u00f5es did\u00e1ticas relativas ao curso. Re\u00fane, regularmente, seu Coordenador e Sub-Coordenador, al\u00e9m de representantes dos quatro Departamentos e&hellip;<\/p>\n","protected":false},"author":1,"featured_media":1339,"parent":0,"menu_order":0,"comment_status":"closed","ping_status":"closed","template":"","meta":{"footnotes":""},"class_list":["post-11","page","type-page","status-publish","has-post-thumbnail","hentry"],"publishpress_future_action":{"enabled":false,"date":"2026-05-06 01:42:59","action":"change-status","newStatus":"draft","terms":[],"taxonomy":"","extraData":[]},"publishpress_future_workflow_manual_trigger":{"enabledWorkflows":[]},"_links":{"self":[{"href":"https:\/\/colgrad.direito.ufmg.br\/index.php?rest_route=\/wp\/v2\/pages\/11","targetHints":{"allow":["GET"]}}],"collection":[{"href":"https:\/\/colgrad.direito.ufmg.br\/index.php?rest_route=\/wp\/v2\/pages"}],"about":[{"href":"https:\/\/colgrad.direito.ufmg.br\/index.php?rest_route=\/wp\/v2\/types\/page"}],"author":[{"embeddable":true,"href":"https:\/\/colgrad.direito.ufmg.br\/index.php?rest_route=\/wp\/v2\/users\/1"}],"replies":[{"embeddable":true,"href":"https:\/\/colgrad.direito.ufmg.br\/index.php?rest_route=%2Fwp%2Fv2%2Fcomments&post=11"}],"version-history":[{"count":0,"href":"https:\/\/colgrad.direito.ufmg.br\/index.php?rest_route=\/wp\/v2\/pages\/11\/revisions"}],"wp:featuredmedia":[{"embeddable":true,"href":"https:\/\/colgrad.direito.ufmg.br\/index.php?rest_route=\/wp\/v2\/media\/1339"}],"wp:attachment":[{"href":"https:\/\/colgrad.direito.ufmg.br\/index.php?rest_route=%2Fwp%2Fv2%2Fmedia&parent=11"}],"curies":[{"name":"wp","href":"https:\/\/api.w.org\/{rel}","templated":true}]}}

<p>É o órgão da Faculdade responsável pela edição das normas que disciplinam questões didáticas relativas ao curso. Reúne, regularmente, seu Coordenador e Sub-Coordenador, além de representantes dos quatro Departamentos e três representantes discentes nomeados pelo CAAP.</p>
<p>Entre suas inúmeras funções, destacam-se: coordenar e orientar as atividades do curso; elaborar pré-requisitos, créditos e disciplinas para o currículo do curso; avaliar representações e recursos sobre matéria didática; representar ao órgão competente no caso de infração disciplinar; e deliberar sobre questões relativas à matrícula, reopção, aproveitamento de disciplinas, transferência e obtenção de novo título.</p>
<p>Atendimento Presencial.</p>

<p>É o órgão da Faculdade responsável pela edição das normas que disciplinam questões didáticas relativas ao curso. Reúne, regularmente, seu Coordenador e Sub-Coordenador, além de representantes dos quatro Departamentos e&hellip;</p>
