{"id":12,"date":"2018-11-23T15:17:01","date_gmt":"2018-11-23T17:17:01","guid":{"rendered":"http:\/\/localhost\/colegiado\/?page_id=12"},"modified":"2023-10-26T11:47:58","modified_gmt":"2023-10-26T14:47:58","slug":"contato","status":"publish","type":"page","link":"https:\/\/colgrad.direito.ufmg.br\/?page_id=12","title":{"rendered":"Fale Conosco"},"content":{"rendered":"<div id=\"text-9\" class=\"widget widget_text clearfix\">\n<table style=\"border-collapse: collapse; width: 100%; height: 96px;\">\n<tbody>\n<tr style=\"height: 24px;\">\n<td style=\"width: 33.3333%; height: 24px; text-align: center;\"><b>Se\u00e7\u00e3o De Ensino<\/b><\/td>\n<\/tr>\n<tr style=\"height: 24px;\">\n<td style=\"width: 33.3333%; height: 24px; text-align: center;\">08:00 \u00e1s 22:00<\/td>\n<\/tr>\n<tr style=\"height: 24px;\">\n<td style=\"width: 33.3333%; height: 24px; text-align: center;\">3409-8616<\/td>\n<\/tr>\n<tr style=\"height: 24px;\">\n<td style=\"width: 33.3333%; height: 24px; text-align: center;\">sensino@direito.ufmg.br<\/td>\n<\/tr>\n<tr>\n<td style=\"width: 33.3333%; text-align: center;\">Local: 4\u00ba Andar \u2013 Edif\u00edcio Valle Ferreira<\/td>\n<\/tr>\n<\/tbody>\n<\/table>\n<div class=\"textwidget\">\n<table style=\"border-collapse: collapse; width: 100%;\">\n<tbody>\n<tr>\n<td style=\"width: 100%; text-align: center;\"><b>Colegiado<\/b><\/td>\n<\/tr>\n<tr>\n<td style=\"width: 100%; text-align: center;\">08:00 \u00e0s 22:00<\/td>\n<\/tr>\n<tr>\n<td style=\"width: 100%; text-align: center;\">3409-8631\/8632<\/td>\n<\/tr>\n<tr>\n<td style=\"width: 100%; text-align: center;\">colgrad@direito.ufmg.br<\/td>\n<\/tr>\n<tr>\n<td style=\"width: 100%; text-align: center;\">Local: 4\u00ba Andar \u2013 Edif\u00edcio Valle Ferreira<\/td>\n<\/tr>\n<\/tbody>\n<\/table>\n<table style=\"border-collapse: collapse; width: 100%; height: 120px;\">\n<tbody>\n<tr style=\"height: 24px;\">\n<td style=\"width: 100%; text-align: center; height: 24px;\"><b>Est\u00e1gio &#8211; NPJ<br \/>\n<\/b><\/td>\n<\/tr>\n<tr style=\"height: 24px;\">\n<td style=\"width: 100%; text-align: center; height: 24px;\">08:00 \u00e0s 12:00<\/td>\n<\/tr>\n<tr style=\"height: 24px;\">\n<td style=\"width: 100%; text-align: center; height: 24px;\">13:00 \u00e0s 17:00<\/td>\n<\/tr>\n<tr style=\"height: 24px;\">\n<td style=\"width: 100%; text-align: center; height: 24px;\">npj@direito.ufmg.br<\/td>\n<\/tr>\n<tr style=\"height: 24px;\">\n<td style=\"width: 100%; text-align: center; height: 24px;\">Local: 8\u00ba Andar \u2013 Edif\u00edcio Vilas Boas<\/td>\n<\/tr>\n<\/tbody>\n<\/table>\n<\/div>\n<\/div>\n","protected":false},"excerpt":{"rendered":"<p>Se\u00e7\u00e3o De Ensino 08:00 \u00e1s 22:00 3409-8616 sensino@direito.ufmg.br Local: 4\u00ba Andar \u2013 Edif\u00edcio Valle Ferreira Colegiado 08:00 \u00e0s 22:00 3409-8631\/8632 colgrad@direito.ufmg.br Local: 4\u00ba Andar \u2013 Edif\u00edcio Valle Ferreira Est\u00e1gio &#8211;&hellip;<\/p>\n","protected":false},"author":1,"featured_media":0,"parent":0,"menu_order":0,"comment_status":"closed","ping_status":"closed","template":"","meta":{"footnotes":""},"class_list":["post-12","page","type-page","status-publish","hentry"],"publishpress_future_action":{"enabled":false,"date":"2026-04-25 09:28:16","action":"change-status","newStatus":"draft","terms":[],"taxonomy":"","extraData":[]},"publishpress_future_workflow_manual_trigger":{"enabledWorkflows":[]},"_links":{"self":[{"href":"https:\/\/colgrad.direito.ufmg.br\/index.php?rest_route=\/wp\/v2\/pages\/12","targetHints":{"allow":["GET"]}}],"collection":[{"href":"https:\/\/colgrad.direito.ufmg.br\/index.php?rest_route=\/wp\/v2\/pages"}],"about":[{"href":"https:\/\/colgrad.direito.ufmg.br\/index.php?rest_route=\/wp\/v2\/types\/page"}],"author":[{"embeddable":true,"href":"https:\/\/colgrad.direito.ufmg.br\/index.php?rest_route=\/wp\/v2\/users\/1"}],"replies":[{"embeddable":true,"href":"https:\/\/colgrad.direito.ufmg.br\/index.php?rest_route=%2Fwp%2Fv2%2Fcomments&post=12"}],"version-history":[{"count":2,"href":"https:\/\/colgrad.direito.ufmg.br\/index.php?rest_route=\/wp\/v2\/pages\/12\/revisions"}],"predecessor-version":[{"id":8797,"href":"https:\/\/colgrad.direito.ufmg.br\/index.php?rest_route=\/wp\/v2\/pages\/12\/revisions\/8797"}],"wp:attachment":[{"href":"https:\/\/colgrad.direito.ufmg.br\/index.php?rest_route=%2Fwp%2Fv2%2Fmedia&parent=12"}],"curies":[{"name":"wp","href":"https:\/\/api.w.org\/{rel}","templated":true}]}}