{"id":13,"date":"2018-11-23T15:17:01","date_gmt":"2018-11-23T17:17:01","guid":{"rendered":"http:\/\/localhost\/colegiado\/?page_id=13"},"modified":"2025-07-22T09:12:15","modified_gmt":"2025-07-22T12:12:15","slug":"blog","status":"publish","type":"page","link":"https:\/\/colgrad.direito.ufmg.br\/?page_id=13","title":{"rendered":"Se\u00e7\u00e3o de Ensino"},"content":{"rendered":"<p style=\"text-align: left;\">A Se\u00e7\u00e3o de Ensino tem como fun\u00e7\u00e3o o atendimento e orienta\u00e7\u00e3o aos alunos e ao p\u00fablico em geral no que se refere aos cursos de gradua\u00e7\u00e3o da Faculdade de Direito, bem como emiss\u00e3o de documentos relativos \u00e0 vida acad\u00eamica dos alunos da gradua\u00e7\u00e3o. \u00c9 respons\u00e1vel pelo lan\u00e7amento e atualiza\u00e7\u00e3o de dados acad\u00eamicos dos alunos a cada semestre e pela organiza\u00e7\u00e3o da Cola\u00e7\u00e3o de Grau.<\/p>\n<p><strong>Equipe de Trabalho:<\/strong><\/p>\n<p>Luciana Michel &#8211; Chefe da Se\u00e7\u00e3o<\/p>\n<p>Angelina Moreno de Souza<\/p>\n<p>Eduardo Augusto dos Santos<\/p>\n<p>Wander Oliveira Braga<\/p>\n<p>Hor\u00e1rio de Atendimento: 2\u00aa a 6\u00aa de 7h \u00e0s 21h20 &#8211; presencial<br \/>\nHor\u00e1rio de Atendimento nas F\u00e9rias: 2\u00aa a 6\u00aa de 7h \u00e0s 19h <strong>(atendimento presencial).<\/strong><\/p>\n<p>E-mail: <span style=\"color: #0000ff;\"><em>sensino@direito.ufmg.br<\/em><\/span><\/p>\n<p style=\"text-align: left;\">\n","protected":false},"excerpt":{"rendered":"<p>A Se\u00e7\u00e3o de Ensino tem como fun\u00e7\u00e3o o atendimento e orienta\u00e7\u00e3o aos alunos e ao p\u00fablico em geral no que se refere aos cursos de gradua\u00e7\u00e3o da Faculdade de Direito,&hellip;<\/p>\n","protected":false},"author":1,"featured_media":1339,"parent":0,"menu_order":0,"comment_status":"closed","ping_status":"closed","template":"","meta":{"footnotes":""},"class_list":["post-13","page","type-page","status-publish","has-post-thumbnail","hentry"],"publishpress_future_action":{"enabled":false,"date":"2026-05-07 02:45:19","action":"change-status","newStatus":"draft","terms":[],"taxonomy":"","extraData":[]},"publishpress_future_workflow_manual_trigger":{"enabledWorkflows":[]},"_links":{"self":[{"href":"https:\/\/colgrad.direito.ufmg.br\/index.php?rest_route=\/wp\/v2\/pages\/13","targetHints":{"allow":["GET"]}}],"collection":[{"href":"https:\/\/colgrad.direito.ufmg.br\/index.php?rest_route=\/wp\/v2\/pages"}],"about":[{"href":"https:\/\/colgrad.direito.ufmg.br\/index.php?rest_route=\/wp\/v2\/types\/page"}],"author":[{"embeddable":true,"href":"https:\/\/colgrad.direito.ufmg.br\/index.php?rest_route=\/wp\/v2\/users\/1"}],"replies":[{"embeddable":true,"href":"https:\/\/colgrad.direito.ufmg.br\/index.php?rest_route=%2Fwp%2Fv2%2Fcomments&post=13"}],"version-history":[{"count":8,"href":"https:\/\/colgrad.direito.ufmg.br\/index.php?rest_route=\/wp\/v2\/pages\/13\/revisions"}],"predecessor-version":[{"id":14680,"href":"https:\/\/colgrad.direito.ufmg.br\/index.php?rest_route=\/wp\/v2\/pages\/13\/revisions\/14680"}],"wp:featuredmedia":[{"embeddable":true,"href":"https:\/\/colgrad.direito.ufmg.br\/index.php?rest_route=\/wp\/v2\/media\/1339"}],"wp:attachment":[{"href":"https:\/\/colgrad.direito.ufmg.br\/index.php?rest_route=%2Fwp%2Fv2%2Fmedia&parent=13"}],"curies":[{"name":"wp","href":"https:\/\/api.w.org\/{rel}","templated":true}]}}