{"id":1334,"date":"2019-06-18T14:15:57","date_gmt":"2019-06-18T17:15:57","guid":{"rendered":"http:\/\/150.164.104.182:8080\/colegiado\/?page_id=1334"},"modified":"2019-06-18T14:16:03","modified_gmt":"2019-06-18T17:16:03","slug":"o-curso","status":"publish","type":"page","link":"https:\/\/colgrad.direito.ufmg.br\/?page_id=1334","title":{"rendered":"O Curso"},"content":{"rendered":"<p style=\"text-align: justify;\">A id\u00e9ia de fundar-se a Faculdade Livre de Direito de Minas Gerais surgiu na resid\u00eancia de Levindo Ferreira Lopes, em Ouro Preto, a 11 de maio de 1892. A 4 de dezembro do mesmo ano, no edif\u00edcio da Escola de Farm\u00e1cia, realizou-se reuni\u00e3o destinada \u00e0 funda\u00e7\u00e3o da escola, que se instalou solenemente em uma das salas da C\u00e2mara dos Deputados, na ent\u00e3o capital de Minas, Ouro Preto, a 10 de dezembro de 1892.<\/p>\n<p style=\"text-align: justify;\">Os fundadores do estabelecimento foram advogados e juristas, a cuja frente se achava o ent\u00e3o presidente do Estado, Conselheiro Afonso Pena.<\/p>\n<p style=\"text-align: justify;\">Transferida para Belo Horizonte em 1898, ocupou primeiramente casa da Rua Pernambuco, esquina de Rua Cl\u00e1udio Manuel, e dali mudou-se para o pr\u00e9dio da Rua da Bahia, esquina de Rua Bernardo Guimar\u00e3es; em 1901, instalou-se definitivamente em seu edif\u00edcio na Pra\u00e7a da Rep\u00fablica, hoje Pra\u00e7a Afonso Arinos. Em 1958, o pr\u00e9dio antigo foi derrubado, surgindo em seu lugar o Edif\u00edcio Villas-B\u00f4as (inaugurado pelo Diretor Ant\u00f4nio Martins Villas-B\u00f4as), o edif\u00edcio Valle-Ferreira (inaugurado pelo Diretor Washington Peluso Albino de Souza, em 1990) e o Edif\u00edcio-sede da Biblioteca, inaugurado em 1998 pelo Diretor Aloizio Gonzaga de Andrade Ara\u00fajo.<\/p>\n<p style=\"text-align: justify;\">A Faculdade Livre de Direito, mantendo autonomia did\u00e1tica, econ\u00f4mica, administrativa e disciplinar, integrou-se na Universidade de Minas Gerais em 1927, e adquiriu, em 1949, a natureza de estabelecimento de ensino federal com a federaliza\u00e7\u00e3o da Universidade, preservados seu patrim\u00f4nio e sua personalidade jur\u00eddica, nos termos da lei respectiva. \u00c0 Universidade, ofereceu o primeiro Reitor, Francisco Mendes Pimentel, e bem assim os magn\u00edficos reitores Francisco Brant, M\u00e1rio Casassanta, Lincoln Prates, Orlando Magalh\u00e3es Carvalho e Gerson de Britto Mello Boson.<\/p>\n<p style=\"text-align: justify;\">Os cursos de ci\u00eancias jur\u00eddicas e sociais converteram-se no curso de Bacharelado em Direito, e o Curso de Doutorado, institu\u00eddo em 1931, desdobrou-se para oferecer tamb\u00e9m o Mestrado, desde 1973.<\/p>\n<p style=\"text-align: justify;\">O primeiro diretor da Faculdade foi o Conselheiro Afonso Pena, ao qual sucederam os professores Ant\u00f4nio Gon\u00e7alves Chaves, Francisco Mendes Pimentel, Edmundo Pereira Lins, Arthur Ribeiro de Oliveira, Francisco Brant, Lincoln Prates, Ant\u00f4nio Martins Villas-B\u00f4as, Jos\u00e9 Geinaert do Valle Ferreira, Alberto Deodato Maia Barreto, Lourival Vilela Viana, Wilson Melo da Silva, Messias Pereira Donato, Jos\u00e9 Alfredo de Oliveira Baracho, Washington Peluso Albino de Souza, Aloizio Gonzaga de Andrade Ara\u00fajo, Ariosvaldo de Campos Pires, Aloizio Andrade, Joaquim Carlos Salgado, Amanda Fl\u00e1vio de Oliveira e Fernando Gonzaga Jayme. O professor Hermez Vilchez Guerrero, eleito para a gest\u00e3o do quadri\u00eanio 2018 &#8211; 2022, \u00e9 o atual Diretor.<\/p>\n<p style=\"text-align: justify;\">Fontes: HORTA, Raul Machado. A Faculdade de Direito da Universidade Federal de Minas Gerais no Centen\u00e1rio de sua Funda\u00e7\u00e3o. Revista da Faculdade de Direito da UFMG, Belo Horizonte, v. 34, n. 34, p. 15-46, 1994; DERZI, Misabel de Abreu Machado, MIRANDA AFONSO, Elza Maria. Dados para uma Hist\u00f3ria da Faculdade de Direito da Universidade Federal de Minas Gerais. 2v. Belo Horizonte; Imprensa Universit\u00e1ria da UFMG, 1976-7.<\/p>\n","protected":false},"excerpt":{"rendered":"<p>A id\u00e9ia de fundar-se a Faculdade Livre de Direito de Minas Gerais surgiu na resid\u00eancia de Levindo Ferreira Lopes, em Ouro Preto, a 11 de maio de 1892. A 4&hellip;<\/p>\n","protected":false},"author":1,"featured_media":0,"parent":0,"menu_order":0,"comment_status":"closed","ping_status":"closed","template":"","meta":{"footnotes":""},"class_list":["post-1334","page","type-page","status-publish","hentry"],"publishpress_future_action":{"enabled":false,"date":"2026-04-11 13:59:51","action":"change-status","newStatus":"draft","terms":[],"taxonomy":"","extraData":[]},"publishpress_future_workflow_manual_trigger":{"enabledWorkflows":[]},"_links":{"self":[{"href":"https:\/\/colgrad.direito.ufmg.br\/index.php?rest_route=\/wp\/v2\/pages\/1334","targetHints":{"allow":["GET"]}}],"collection":[{"href":"https:\/\/colgrad.direito.ufmg.br\/index.php?rest_route=\/wp\/v2\/pages"}],"about":[{"href":"https:\/\/colgrad.direito.ufmg.br\/index.php?rest_route=\/wp\/v2\/types\/page"}],"author":[{"embeddable":true,"href":"https:\/\/colgrad.direito.ufmg.br\/index.php?rest_route=\/wp\/v2\/users\/1"}],"replies":[{"embeddable":true,"href":"https:\/\/colgrad.direito.ufmg.br\/index.php?rest_route=%2Fwp%2Fv2%2Fcomments&post=1334"}],"version-history":[{"count":0,"href":"https:\/\/colgrad.direito.ufmg.br\/index.php?rest_route=\/wp\/v2\/pages\/1334\/revisions"}],"wp:attachment":[{"href":"https:\/\/colgrad.direito.ufmg.br\/index.php?rest_route=%2Fwp%2Fv2%2Fmedia&parent=1334"}],"curies":[{"name":"wp","href":"https:\/\/api.w.org\/{rel}","templated":true}]}}