{"id":138,"date":"2018-11-28T13:59:15","date_gmt":"2018-11-28T15:59:15","guid":{"rendered":"http:\/\/localhost\/colegiado\/?page_id=138"},"modified":"2022-12-01T10:38:01","modified_gmt":"2022-12-01T13:38:01","slug":"estagio","status":"publish","type":"page","link":"https:\/\/colgrad.direito.ufmg.br\/?page_id=138","title":{"rendered":"Est\u00e1gio"},"content":{"rendered":"<p><strong>INFORMA\u00c7\u00d5ES INICIAIS<\/strong><\/p>\n<p style=\"text-align: left;\"><strong>O ATENDIMENTO PRESENCIAL DO NPJ\u00a0 \u00c9 REALIZADO NO 4\u00ba ANDAR\u00a0 DO EDIF\u00cdCIO VILLAS BOAS NO HOR\u00c1RIO DE 07:00 \u00c0S 12:00 E DE 13:00 \u00c0S 16 HORAS.<\/strong><\/p>\n<p style=\"text-align: left;\">OS CONTRATOS E OUTROS DOCUMENTOS\u00a0 DE RESPONSABILIDADE DO NPJ\u00a0 SER\u00c3O ASSINADOS DIGITALMENTE.<\/p>\n<p style=\"text-align: left;\"><strong>\u00c9 DE RESPONSABILIDADE DO ALUNO INFORMAR AOS CONTRATANTES AS NORMAS DA UFMG PARA A CONTRATA\u00c7\u00c3O .<\/strong><\/p>\n<p style=\"text-align: left;\">Os documentos devem ser enviados em PDF exclusivamente para o e-mail do NPJ ( npj@direito.ufmg.br) . Sempre informar no assunto\u00a0 o nome completo e n\u00famero de matr\u00edcula.<\/p>\n<p><strong>O PRAZO PARA AN\u00c1LISE DA DOCUMENTA\u00c7\u00c3O E ASSINATURA \u00c9 DE\u00a0 05 DIAS. SOMENTE SER\u00c3O ASSINADOS OS DOCUMENTOS ENVIADOS COM A DOCUMENTA\u00c7\u00c3O COMPLETA .<br \/>\n<\/strong><\/p>\n<p style=\"text-align: left;\">DECLARA\u00c7AO DE INSCRI\u00c7\u00c3O NA OAB &#8211; NPJ EDIT\u00c1VEL<\/p>\n<p style=\"text-align: left;\">O COMPROVANTE DE MATR\u00cdCULA DEVER\u00c1 SEMPRE SER ENVIADO EM ANEXO BEM COMO A DECLARA\u00c7\u00c3O DISPON\u00cdVEL EM : <a href=\"https:\/\/colgrad.direito.ufmg.br\/wp-content\/uploads\/2022\/07\/DECLARACAO-DE-INSCRICAO-NA-OAB-NPJ-EDITAVEL-1.pdf\">DECLARA\u00c7AO DE INSCRI\u00c7\u00c3O NA OAB &#8211; NPJ EDIT\u00c1VEL<\/a><\/p>\n<p style=\"text-align: left;\"><strong>ATEN\u00c7\u00c3O : <\/strong><\/p>\n<p style=\"text-align: left;\"><span style=\"color: #ff0000;\"><strong>EMAIL PARA ENVIO DE TERMOS DE COMPROMISSO E OUTROS DOCUMENTOS PARA ASSINATURA : npj@direito.ufmg.br<br \/>\n<\/strong><\/span><\/p>\n<p><span style=\"color: #ff0000;\"><strong>EMAIL EXCLUSIVO PARA ENVIO DOS PROCESSOS DE RECONHECIMENTO DE EST\u00c1GIO : reconhecimentonpj@direito.ufmg.br<\/strong><\/span><\/p>\n<p>&nbsp;<\/p>\n<p>&nbsp;<\/p>\n","protected":false},"excerpt":{"rendered":"<p>INFORMA\u00c7\u00d5ES INICIAIS O ATENDIMENTO PRESENCIAL DO NPJ\u00a0 \u00c9 REALIZADO NO 4\u00ba ANDAR\u00a0 DO EDIF\u00cdCIO VILLAS BOAS NO HOR\u00c1RIO DE 07:00 \u00c0S 12:00 E DE 13:00 \u00c0S 16 HORAS. OS CONTRATOS&hellip;<\/p>\n","protected":false},"author":1,"featured_media":0,"parent":0,"menu_order":0,"comment_status":"closed","ping_status":"closed","template":"","meta":{"footnotes":""},"class_list":["post-138","page","type-page","status-publish","hentry"],"publishpress_future_action":{"enabled":false,"date":"2026-05-06 04:43:21","action":"change-status","newStatus":"draft","terms":[],"taxonomy":"","extraData":[]},"publishpress_future_workflow_manual_trigger":{"enabledWorkflows":[]},"_links":{"self":[{"href":"https:\/\/colgrad.direito.ufmg.br\/index.php?rest_route=\/wp\/v2\/pages\/138","targetHints":{"allow":["GET"]}}],"collection":[{"href":"https:\/\/colgrad.direito.ufmg.br\/index.php?rest_route=\/wp\/v2\/pages"}],"about":[{"href":"https:\/\/colgrad.direito.ufmg.br\/index.php?rest_route=\/wp\/v2\/types\/page"}],"author":[{"embeddable":true,"href":"https:\/\/colgrad.direito.ufmg.br\/index.php?rest_route=\/wp\/v2\/users\/1"}],"replies":[{"embeddable":true,"href":"https:\/\/colgrad.direito.ufmg.br\/index.php?rest_route=%2Fwp%2Fv2%2Fcomments&post=138"}],"version-history":[{"count":0,"href":"https:\/\/colgrad.direito.ufmg.br\/index.php?rest_route=\/wp\/v2\/pages\/138\/revisions"}],"wp:attachment":[{"href":"https:\/\/colgrad.direito.ufmg.br\/index.php?rest_route=%2Fwp%2Fv2%2Fmedia&parent=138"}],"curies":[{"name":"wp","href":"https:\/\/api.w.org\/{rel}","templated":true}]}}