{"id":645,"date":"2018-12-04T16:01:51","date_gmt":"2018-12-04T18:01:51","guid":{"rendered":"http:\/\/localhost\/colegiado\/?page_id=645"},"modified":"2019-05-29T17:01:08","modified_gmt":"2019-05-29T20:01:08","slug":"mudanca-de-turno","status":"publish","type":"page","link":"https:\/\/colgrad.direito.ufmg.br\/?page_id=645","title":{"rendered":"Formul\u00e1rio &#8211; Mudan\u00e7a de Turno"},"content":{"rendered":"<div id=\"columns-position\">\n<div id=\"columns\" class=\"float-break\">\n<div id=\"main-position\">\n<div id=\"main\" class=\"float-break\">\n<div class=\"overflow-fix\">\n<div class=\"border-box\">\n<div class=\"border-ml\">\n<div class=\"border-mr\">\n<div class=\"border-mc float-break\">\n<div class=\"content-view-full\">\n<div class=\"class-file\">\n<div class=\"attribute-long\">\n<p style=\"text-align: justify;\">A mudan\u00e7a de turno ficar\u00e1 condicionada \u00e0 exist\u00eancia de vagas, cujo total ser\u00e1 obtido a partir da soma do n\u00famero de vagas remanescentes, informado semestralmente pelo DRCA, com o de vagas abertas em decorr\u00eancia do deferimento de pedidos de mudan\u00e7a de turno no \u00e2mbito do processo seletivo em curso, conforme a Resolu\u00e7\u00e3o 09.<\/p>\n<table style=\"border-collapse: collapse; width: 100%;\">\n<tbody>\n<tr>\n<td style=\"width: 100%;\"><a href=\"https:\/\/www.ufmg.br\/prograd\/arquivos\/NormasGerais.pdf\">Resolu\u00e7\u00e3o 09 de 02\/06\/2009 &#8211; Regulamenta a matr\u00edcula e a mudan\u00e7a de turno<\/a><\/td>\n<\/tr>\n<tr>\n<td style=\"width: 100%;\"><a href=\".\/wp-content\/uploads\/2019\/01\/Mudan\u00e7a-de-Turno.pdf\">Formul\u00e1rio &#8211; Mudan\u00e7a de Turno<\/a><\/td>\n<\/tr>\n<\/tbody>\n<\/table>\n<\/div>\n<\/div>\n<\/div>\n<\/div>\n<\/div>\n<\/div>\n<div class=\"border-bl\">\n<div class=\"border-br\">\n<div class=\"border-bc\"><\/div>\n<\/div>\n<\/div>\n<\/div>\n<\/div>\n<\/div>\n<\/div>\n<\/div>\n<\/div>\n<div id=\"footer\">\n<div class=\"border-box border-box-style2\">\n<div class=\"border-tl\">\n<div class=\"border-tr\">\n<div class=\"border-tc\"><\/div>\n<\/div>\n<\/div>\n<div class=\"border-ml\">\n<div class=\"border-mr\">\n<div class=\"border-mc\">\n<div class=\"border-content\">\n<address>\u00a0<\/address>\n<\/div>\n<\/div>\n<\/div>\n<\/div>\n<div class=\"border-bl\">\n<div class=\"border-br\">\n<div class=\"border-bc\"><\/div>\n<\/div>\n<\/div>\n<\/div>\n<\/div>\n","protected":false},"excerpt":{"rendered":"<p>A mudan\u00e7a de turno ficar\u00e1 condicionada \u00e0 exist\u00eancia de vagas, cujo total ser\u00e1 obtido a partir da soma do n\u00famero de vagas remanescentes, informado semestralmente pelo DRCA, com o de&hellip;<\/p>\n","protected":false},"author":1,"featured_media":0,"parent":0,"menu_order":0,"comment_status":"closed","ping_status":"closed","template":"","meta":{"footnotes":""},"class_list":["post-645","page","type-page","status-publish","hentry"],"publishpress_future_action":{"enabled":false,"date":"2026-05-09 00:21:25","action":"change-status","newStatus":"draft","terms":[],"taxonomy":"","extraData":[]},"publishpress_future_workflow_manual_trigger":{"enabledWorkflows":[]},"_links":{"self":[{"href":"https:\/\/colgrad.direito.ufmg.br\/index.php?rest_route=\/wp\/v2\/pages\/645","targetHints":{"allow":["GET"]}}],"collection":[{"href":"https:\/\/colgrad.direito.ufmg.br\/index.php?rest_route=\/wp\/v2\/pages"}],"about":[{"href":"https:\/\/colgrad.direito.ufmg.br\/index.php?rest_route=\/wp\/v2\/types\/page"}],"author":[{"embeddable":true,"href":"https:\/\/colgrad.direito.ufmg.br\/index.php?rest_route=\/wp\/v2\/users\/1"}],"replies":[{"embeddable":true,"href":"https:\/\/colgrad.direito.ufmg.br\/index.php?rest_route=%2Fwp%2Fv2%2Fcomments&post=645"}],"version-history":[{"count":0,"href":"https:\/\/colgrad.direito.ufmg.br\/index.php?rest_route=\/wp\/v2\/pages\/645\/revisions"}],"wp:attachment":[{"href":"https:\/\/colgrad.direito.ufmg.br\/index.php?rest_route=%2Fwp%2Fv2%2Fmedia&parent=645"}],"curies":[{"name":"wp","href":"https:\/\/api.w.org\/{rel}","templated":true}]}}

Formulário &#8211; Mudança de Turno

<div id="columns-position">
<div id="columns" class="float-break">
<div id="main-position">
<div id="main" class="float-break">
<div class="overflow-fix">
<div class="border-box">
<div class="border-ml">
<div class="border-mr">
<div class="border-mc float-break">
<div class="content-view-full">
<div class="class-file">
<div class="attribute-long">
<p style="text-align: justify;">A mudança de turno ficará condicionada à existência de vagas, cujo total será obtido a partir da soma do número de vagas remanescentes, informado semestralmente pelo DRCA, com o de vagas abertas em decorrência do deferimento de pedidos de mudança de turno no âmbito do processo seletivo em curso, conforme a Resolução 09.</p>
<table style="border-collapse: collapse; width: 100%;">
<tbody>
<tr>
<td style="width: 100%;"><a href="https://www.ufmg.br/prograd/arquivos/NormasGerais.pdf">Resolução 09 de 02/06/2009 &#8211; Regulamenta a matrícula e a mudança de turno</a></td>
</tr>
<tr>
<td style="width: 100%;"><a href="./wp-content/uploads/2019/01/Mudança-de-Turno.pdf">Formulário &#8211; Mudança de Turno</a></td>
</tr>
</tbody>
</table>
</div>
</div>
</div>
</div>
</div>
</div>
<div class="border-bl">
<div class="border-br">
<div class="border-bc"></div>
</div>
</div>
</div>
</div>
</div>
</div>
</div>
</div>
<div id="footer">
<div class="border-box border-box-style2">
<div class="border-tl">
<div class="border-tr">
<div class="border-tc"></div>
</div>
</div>
<div class="border-ml">
<div class="border-mr">
<div class="border-mc">
<div class="border-content">
<address> </address>
</div>
</div>
</div>
</div>
<div class="border-bl">
<div class="border-br">
<div class="border-bc"></div>
</div>
</div>
</div>
</div>

<p>A mudança de turno ficará condicionada à existência de vagas, cujo total será obtido a partir da soma do número de vagas remanescentes, informado semestralmente pelo DRCA, com o de&hellip;</p>
