{"id":867,"date":"2019-01-14T15:03:20","date_gmt":"2019-01-14T17:03:20","guid":{"rendered":"http:\/\/localhost\/colegiado\/?page_id=867"},"modified":"2020-10-07T13:45:37","modified_gmt":"2020-10-07T16:45:37","slug":"departamento-de-direito-do-trabalho-dit","status":"publish","type":"page","link":"https:\/\/colgrad.direito.ufmg.br\/?page_id=867","title":{"rendered":"DIT &#8211; Ementas das Disciplinas Obrigat\u00f3rias"},"content":{"rendered":"<div class=\"content-view-children\">\n<div class=\"content-view-line\">\n<div class=\"class-file\">\n<table style=\"border-collapse: collapse; width: 100%; height: 336px;\">\n<tbody>\n<tr style=\"height: 24px;\">\n<td style=\"width: 100%; height: 24px;\"><a href=\".\/wp-content\/uploads\/2019\/01\/FILOSOFIA-DO-DIREITO.pdf\">DIT006 &#8211; Filosofia do Direito<\/a><\/td>\n<\/tr>\n<tr style=\"height: 24px;\">\n<td style=\"width: 100%; height: 24px;\"><a href=\".\/wp-content\/uploads\/2019\/01\/HERMENEUTICA-JURIDICA.pdf\">DIT023 &#8211; Hermen\u00eautica Juridica<\/a><\/td>\n<\/tr>\n<tr style=\"height: 24px;\">\n<td style=\"width: 100%; height: 24px;\"><a href=\".\/wp-content\/uploads\/2019\/01\/INTRODU\u00c7\u00c3O-\u00c0-CIENCIA-DO-DIREITO.pdf\">DIT038 &#8211; Introdu\u00e7\u00e3o \u00e0 Ci\u00eancia do Direito<\/a><\/td>\n<\/tr>\n<tr style=\"height: 24px;\">\n<td style=\"width: 100%; height: 24px;\"><a href=\".\/wp-content\/uploads\/2019\/01\/HISTORIA-DO-DIREITO.pdf\">DIT039 &#8211; Hist\u00f3ria do Direito<\/a><\/td>\n<\/tr>\n<tr style=\"height: 24px;\">\n<td style=\"width: 100%; height: 24px;\"><a href=\".\/wp-content\/uploads\/2019\/01\/ANTROPOLOGIA-JUR\u00cdDICA..pdf\">DIT040 &#8211; Antropologia Jur\u00eddica<\/a><\/td>\n<\/tr>\n<tr style=\"height: 24px;\">\n<td style=\"width: 100%; height: 24px;\"><a href=\".\/wp-content\/uploads\/2019\/01\/SOCIOLOGIA-JUR\u00cdDICA.pdf\">DIT042 &#8211; Sociologia Jur\u00eddica<\/a><\/td>\n<\/tr>\n<tr style=\"height: 24px;\">\n<td style=\"width: 100%; height: 24px;\"><a href=\".\/wp-content\/uploads\/2019\/01\/TEORIA-GERAL-DO-DIREITO.pdf\">DIT043 &#8211; Teoria Geral do Direito<\/a><\/td>\n<\/tr>\n<tr style=\"height: 24px;\">\n<td style=\"width: 100%; height: 24px;\"><a href=\".\/wp-content\/uploads\/2019\/01\/INSTITUI\u00c7\u00d5ES-DE-DIREITO-ROMANO.pdf\">DIT044 &#8211; Institui\u00e7\u00f5es de Direito Romano<\/a><\/td>\n<\/tr>\n<tr style=\"height: 24px;\">\n<td style=\"width: 100%; height: 24px;\"><a href=\".\/wp-content\/uploads\/2019\/01\/PSICOLOGIA-JUR\u00cdDICA.pdf\">DIT045 &#8211; Psicologia Jur\u00eddica<\/a><\/td>\n<\/tr>\n<tr style=\"height: 24px;\">\n<td style=\"width: 100%; height: 24px;\"><a href=\"https:\/\/colgrad.direito.ufmg.br\/wp-content\/uploads\/2020\/10\/DIT046-Direito-Processual-do-Trabalho-Ementa-Atualizada.pdf\">DIT046 &#8211; Direito Processual do Trabalho<\/a><\/td>\n<\/tr>\n<tr style=\"height: 24px;\">\n<td style=\"width: 100%; height: 24px;\"><a href=\".\/wp-content\/uploads\/2019\/01\/DIREITO-PREVIDENCI\u00c1RIO.pdf\">DIT071 &#8211; Direito Previdenci\u00e1rio<\/a><\/td>\n<\/tr>\n<tr style=\"height: 24px;\">\n<td style=\"width: 100%; height: 24px;\"><a href=\".\/wp-content\/uploads\/2019\/01\/DIT075-METODOLOGIA-DE-PESQUISA-EM-DIREITO.pdf\">DIT075 &#8211; Metodologia de Pesquisa em Direito<\/a><\/td>\n<\/tr>\n<tr style=\"height: 24px;\">\n<td style=\"width: 100%; height: 24px;\"><a href=\".\/wp-content\/uploads\/2019\/01\/DIREITO-DO-TRABALHO-I.pdf\">DIT105 &#8211; Direito do Trabalho I<\/a><\/td>\n<\/tr>\n<tr style=\"height: 24px;\">\n<td style=\"width: 100%; height: 24px;\"><a href=\".\/wp-content\/uploads\/2019\/01\/DIREITO-DO-TRABALHO-II.pdf\">DIT106 &#8211; Direito do Trabalho II<\/a><\/td>\n<\/tr>\n<\/tbody>\n<\/table>\n<\/div>\n<\/div>\n<div class=\"content-view-line\">\n<div class=\"class-file\">\n<div class=\"attribute-file\">\n<div class=\"content-view-children\">\n<div class=\"content-view-line\">\n<div class=\"class-file\">\n<div class=\"attribute-file\"><\/div>\n<\/div>\n<\/div>\n<\/div>\n<\/div>\n<\/div>\n<\/div>\n<\/div>\n","protected":false},"excerpt":{"rendered":"<p>DIT006 &#8211; Filosofia do Direito DIT023 &#8211; Hermen\u00eautica Juridica DIT038 &#8211; Introdu\u00e7\u00e3o \u00e0 Ci\u00eancia do Direito DIT039 &#8211; Hist\u00f3ria do Direito DIT040 &#8211; Antropologia Jur\u00eddica DIT042 &#8211; Sociologia Jur\u00eddica DIT043&hellip;<\/p>\n","protected":false},"author":1,"featured_media":0,"parent":0,"menu_order":0,"comment_status":"closed","ping_status":"closed","template":"","meta":{"footnotes":""},"class_list":["post-867","page","type-page","status-publish","hentry"],"publishpress_future_action":{"enabled":false,"date":"2026-05-06 23:06:12","action":"change-status","newStatus":"draft","terms":[],"taxonomy":"","extraData":[]},"publishpress_future_workflow_manual_trigger":{"enabledWorkflows":[]},"_links":{"self":[{"href":"https:\/\/colgrad.direito.ufmg.br\/index.php?rest_route=\/wp\/v2\/pages\/867","targetHints":{"allow":["GET"]}}],"collection":[{"href":"https:\/\/colgrad.direito.ufmg.br\/index.php?rest_route=\/wp\/v2\/pages"}],"about":[{"href":"https:\/\/colgrad.direito.ufmg.br\/index.php?rest_route=\/wp\/v2\/types\/page"}],"author":[{"embeddable":true,"href":"https:\/\/colgrad.direito.ufmg.br\/index.php?rest_route=\/wp\/v2\/users\/1"}],"replies":[{"embeddable":true,"href":"https:\/\/colgrad.direito.ufmg.br\/index.php?rest_route=%2Fwp%2Fv2%2Fcomments&post=867"}],"version-history":[{"count":0,"href":"https:\/\/colgrad.direito.ufmg.br\/index.php?rest_route=\/wp\/v2\/pages\/867\/revisions"}],"wp:attachment":[{"href":"https:\/\/colgrad.direito.ufmg.br\/index.php?rest_route=%2Fwp%2Fv2%2Fmedia&parent=867"}],"curies":[{"name":"wp","href":"https:\/\/api.w.org\/{rel}","templated":true}]}}

DIT &#8211; Ementas das Disciplinas Obrigatórias

<div class="content-view-children">
<div class="content-view-line">
<div class="class-file">
<table style="border-collapse: collapse; width: 100%; height: 336px;">
<tbody>
<tr style="height: 24px;">
<td style="width: 100%; height: 24px;"><a href="./wp-content/uploads/2019/01/FILOSOFIA-DO-DIREITO.pdf">DIT006 &#8211; Filosofia do Direito</a></td>
</tr>
<tr style="height: 24px;">
<td style="width: 100%; height: 24px;"><a href="./wp-content/uploads/2019/01/HERMENEUTICA-JURIDICA.pdf">DIT023 &#8211; Hermenêutica Juridica</a></td>
</tr>
<tr style="height: 24px;">
<td style="width: 100%; height: 24px;"><a href="./wp-content/uploads/2019/01/INTRODUÇÃO-À-CIENCIA-DO-DIREITO.pdf">DIT038 &#8211; Introdução à Ciência do Direito</a></td>
</tr>
<tr style="height: 24px;">
<td style="width: 100%; height: 24px;"><a href="./wp-content/uploads/2019/01/HISTORIA-DO-DIREITO.pdf">DIT039 &#8211; História do Direito</a></td>
</tr>
<tr style="height: 24px;">
<td style="width: 100%; height: 24px;"><a href="./wp-content/uploads/2019/01/ANTROPOLOGIA-JURÍDICA..pdf">DIT040 &#8211; Antropologia Jurídica</a></td>
</tr>
<tr style="height: 24px;">
<td style="width: 100%; height: 24px;"><a href="./wp-content/uploads/2019/01/SOCIOLOGIA-JURÍDICA.pdf">DIT042 &#8211; Sociologia Jurídica</a></td>
</tr>
<tr style="height: 24px;">
<td style="width: 100%; height: 24px;"><a href="./wp-content/uploads/2019/01/TEORIA-GERAL-DO-DIREITO.pdf">DIT043 &#8211; Teoria Geral do Direito</a></td>
</tr>
<tr style="height: 24px;">
<td style="width: 100%; height: 24px;"><a href="./wp-content/uploads/2019/01/INSTITUIÇÕES-DE-DIREITO-ROMANO.pdf">DIT044 &#8211; Instituições de Direito Romano</a></td>
</tr>
<tr style="height: 24px;">
<td style="width: 100%; height: 24px;"><a href="./wp-content/uploads/2019/01/PSICOLOGIA-JURÍDICA.pdf">DIT045 &#8211; Psicologia Jurídica</a></td>
</tr>
<tr style="height: 24px;">
<td style="width: 100%; height: 24px;"><a href="https://colgrad.direito.ufmg.br/wp-content/uploads/2020/10/DIT046-Direito-Processual-do-Trabalho-Ementa-Atualizada.pdf">DIT046 &#8211; Direito Processual do Trabalho</a></td>
</tr>
<tr style="height: 24px;">
<td style="width: 100%; height: 24px;"><a href="./wp-content/uploads/2019/01/DIREITO-PREVIDENCIÁRIO.pdf">DIT071 &#8211; Direito Previdenciário</a></td>
</tr>
<tr style="height: 24px;">
<td style="width: 100%; height: 24px;"><a href="./wp-content/uploads/2019/01/DIT075-METODOLOGIA-DE-PESQUISA-EM-DIREITO.pdf">DIT075 &#8211; Metodologia de Pesquisa em Direito</a></td>
</tr>
<tr style="height: 24px;">
<td style="width: 100%; height: 24px;"><a href="./wp-content/uploads/2019/01/DIREITO-DO-TRABALHO-I.pdf">DIT105 &#8211; Direito do Trabalho I</a></td>
</tr>
<tr style="height: 24px;">
<td style="width: 100%; height: 24px;"><a href="./wp-content/uploads/2019/01/DIREITO-DO-TRABALHO-II.pdf">DIT106 &#8211; Direito do Trabalho II</a></td>
</tr>
</tbody>
</table>
</div>
</div>
<div class="content-view-line">
<div class="class-file">
<div class="attribute-file">
<div class="content-view-children">
<div class="content-view-line">
<div class="class-file">
<div class="attribute-file"></div>
</div>
</div>
</div>
</div>
</div>
</div>
</div>

<p>DIT006 &#8211; Filosofia do Direito DIT023 &#8211; Hermenêutica Juridica DIT038 &#8211; Introdução à Ciência do Direito DIT039 &#8211; História do Direito DIT040 &#8211; Antropologia Jurídica DIT042 &#8211; Sociologia Jurídica DIT043&hellip;</p>
